se i = 2*g + 15, -2*i = 4*g - 3*g - 5. Suppose -l + i = -13. Does 5 divide (-50)/(-3)*l/12?
True
Suppose 4*x + 4*a - 5 - 7 = 0, -2*x = a - 3. Suppose x = -4*n + n. Suppose n = 3*z + 3*z - 54. Is 3 a factor of z?
True
Let v(u) = -2*u**2 - 3*u**2 - 7*u + 6*u**2 + 3. Let y(f) = 12*f - 40. Let w be y(4). Does 11 divide v(w)?
True
Let b(u) = 2*u**3 - 18*u**2 - 13*u - 19. Does 17 divide b(10)?
True
Let f(d) = d**2 + 9*d - 14. Let p be f(-12). Let z be p/77 - (-19)/7. Suppose 0 = -2*s - 0*s - 4*l + 44, 0 = -4*s - z*l + 78. Is s a multiple of 12?
False
Is (-28)/32 + 1 - (-1838)/16 a multiple of 12?
False
Suppose 4*m + q = 14, 2*m + 2 = -5*q - 0*q. Suppose 2*b = k + 4, 0 = -m*k + 8 - 0. Let r(w) = 11*w + 5. Does 17 divide r(b)?
False
Let n = 954 + -1604. Is 4 a factor of 18/15*n/(-15)?
True
Suppose 0 = 9*d - 10*d. Suppose -2*u - 25 + 127 = d. Does 16 divide u?
False
Let f be (-3)/6*-10 - 3. Suppose -4*w = b - 1365 + 186, f*w - 587 = -3*b. Suppose 4*m + 0*m + 5*o - w = 0, 0 = 3*m + 4*o - 222. Does 23 divide m?
False
Let n = -427 - -527. Is 2 a factor of n?
True
Suppose -4*s + 291 = 4*f + 11, 5*s = f + 332. Let k = 3 + s. Does 21 divide k?
False
Let h be (-2)/5 - 2070/(-50). Suppose 0 = -2*v + 2, 3*v = u - 0*u - h. Is 11 a factor of u?
True
Suppose 3*r = 7*r - 16. Suppose -128 = -3*m + r*u, -m + 3*u + 38 = 2. Does 12 divide m?
True
Let z = 40 + 30. Let m = 48 - z. Is (-2 - -22)*(-33)/m a multiple of 6?
True
Let a = -86 + 32. Let l = a + 89. Suppose -l = -6*s + 115. Is 16 a factor of s?
False
Let y = -73 + 91. Suppose -y*d = -16*d - 162. Does 13 divide d?
False
Suppose 9*y = 370 + 1493. Suppose 268 = 4*v - 2*m, m - 7 + y = 3*v. Does 8 divide v?
False
Let d = 3855 - 1437. Is 62 a factor of d?
True
Suppose 5*b - 3*b = 3*m - 1468, -2*m = b - 967. Suppose 5*o - m + 91 = 0. Does 15 divide o?
False
Let r(p) be the third derivative of p**4/12 + 19*p**3/6 + 3*p**2. Let l = -51 - -61. Is r(l) a multiple of 16?
False
Suppose -5*t - 139 = -0*o + o, -289 = 2*o - t. Does 8 divide (-3402)/o + (-3)/(-8)?
True
Suppose 0 = -2*a + 18*a - 8928. Is 18 a factor of a?
True
Let n be (-1)/(-3)*(-14 + 14). Suppose 6*q - 10*q + 240 = n. Is 20 a factor of q?
True
Let f(u) = -u**3 + 9*u**2 - 3*u + 6. Suppose -2*r = -4*r + 12. Is 16 a factor of f(r)?
True
Let r = -2 + -5. Suppose -3*d - 8 = -4*w - d, -d = 4*w - 20. Let t = w - r. Is 11 a factor of t?
True
Let q(t) = t**2 - 3*t. Let g be q(4). Let x(b) be the first derivative of b**2/2 + 10*b - 6. Does 5 divide x(g)?
False
Let g(u) = -125*u + 4. Let x be g(-1). Let i = 185 - x. Is i a multiple of 14?
True
Let v be 0/(-4 + (-6)/(-2)). Suppose -4*u = -v*u + 120. Let d = 63 + u. Is d a multiple of 21?
False
Suppose 0 = l + 4*s - 26, -l + 0*s - s = -11. Suppose -174 = -l*y + 138. Is y a multiple of 21?
False
Let n = 10 + -4. Is 21 a factor of (0 - 24)*((-26)/n - -2)?
False
Suppose 4*j - 8*a + 5*a - 5012 = 0, 5*j - 6242 = -2*a. Is 23 a factor of j?
False
Suppose -19*q + 18*q = 5*x - 838, 0 = 4*x - 8. Is q a multiple of 18?
True
Let a = 3 - 1. Let b(l) = -2*l**2 - 3*l + 3. Let f be b(a). Is (-2 - f/2)*2 a multiple of 3?
False
Let d = -13 - -18. Suppose 5*a + d*a = 580. Is a a multiple of 29?
True
Let r = 129 + 79. Is r a multiple of 26?
True
Let f(b) = -b**3 + 10*b**2 - 10*b + 16. Let z be f(10). Let j = 88 + z. Is 2 a factor of j?
True
Let r(u) = 2*u - 6. Let t be r(4). Suppose -d + 20 = 4*w, 6*d + 10 = t*w + 2*d. Suppose -w*i + 110 = 5*g, -4*g = -3*i - 6 + 65. Does 21 divide i?
True
Let r(i) = 8*i + 7. Let t be r(12). Suppose 5*d + t = -2*p, -242 = 4*p - 2*d - 0*d. Does 10 divide 7/42 - p/6?
True
Is 81 a factor of 3*(5 + (-1040)/(-8))?
True
Let n(k) be the first derivative of k**3/3 - 5*k**2/2 - 13*k + 5. Let s be n(-10). Suppose 0 = -4*i + s - 17. Is i a multiple of 10?
True
Let k(v) = 3*v**3 + v**2. Let r be k(2). Suppose -3*f + 0*o + 154 = -2*o, -4*o + r = f. Is f a multiple of 8?
True
Let h(t) = 76*t**2 + t - 1. Let a = 0 - -9. Let i(c) = -2*c + 19. Let x be i(a). Is h(x) a multiple of 19?
True
Suppose 0 = 71*o - 17456 - 13855. Does 4 divide o?
False
Let q be -2 + (4 + -7 - -7). Suppose -3*g + 58 + 16 = q*h, -2*h + g = -58. Is h a multiple of 6?
False
Let b(g) = -2*g**3 + 2*g**2 + 2*g + 1. Let m be b(-1). Suppose 0 = 3*d - 3*c - 48 - 75, -126 = -m*d + 4*c. Does 7 divide d?
False
Let m be ((-4)/(-6) + -1)*-21. Let q(g) = -g**3 + 8*g**2 + 2*g - 3. Is 20 a factor of q(m)?
True
Let u be 5/(2 - (3 - 2)). Suppose -2*d + 4*a - 85 = -u*d, 4*a = 4*d - 104. Does 3 divide d?
True
Let m(f) = f**2 + 8*f + 2. Let q be m(-8). Let j = -24 - -54. Suppose 0 = q*l + 2*c - j, c + 4*c = l - 45. Is 9 a factor of l?
False
Suppose 4*r = 9 + 7. Suppose -r*m - 480 = -7*m. Does 40 divide m?
True
Suppose 66*u - 5233 - 10343 = 0. Is 73 a factor of u?
False
Suppose y - 2*t - 103 = 0, -3*t = 2*t - 5. Suppose -3*p - o = 4*o - y, 0 = -p + o + 35. Is p even?
False
Let m = -15 - -37. Suppose -4*c + m = 6. Suppose 0*o = -3*y + c*o + 88, 2*y + 3*o - 70 = 0. Does 8 divide y?
True
Let x(q) = 64*q**2 + 18*q - 4. Is 21 a factor of x(4)?
True
Let x(p) = 15*p**2 - 7*p + 4. Let i be -5 - -11 - (-8)/(-2). Does 10 divide x(i)?
True
Suppose 43*t - 16*t = 20439. Does 23 divide t?
False
Let d(h) = -7*h - 26. Let f be d(-12). Let j = 5 + f. Does 8 divide j?
False
Suppose a = s + 36, -12 + 48 = a - 4*s. Is a a multiple of 2?
True
Let k be (-2)/(-4)*-2 + 3. Let j be (2/k)/((-5)/(-145)). Suppose -3 - j = -z. Does 13 divide z?
False
Suppose 0 = c + 1, 2*c - 2 = -2*q. Suppose -q*w + 33 + 5 = 0. Does 5 divide w?
False
Is 0 - -5 - 180/(-6) a multiple of 35?
True
Suppose 2*b - 18 = u, 28*b = 25*b + 4*u + 22. Let i(l) = -3*l**2 - l. Let j be i(-1). Let t = b + j. Is 6 a factor of t?
False
Let f = 17 + -15. Suppose 0 = -f*z + 4*m - 12 - 48, -4*z - 5*m = 107. Is 11 a factor of (-525)/z - 1/(-4)?
False
Let h be 38/5 + 2/5. Let v = h - 12. Is v/2*(-106)/4 a multiple of 17?
False
Suppose -2388 = -3*l + 2*d, -891 = -4*l - d + 2304. Is l a multiple of 57?
True
Let l be (6 - (-8)/(-4)) + -4. Let s be (-18)/((-2)/(-3) - l). Let r = 2 - s. Does 10 divide r?
False
Let k be (-4 - -9 - 10)*(-18)/15. Suppose k*s - 233 = 217. Is 15 a factor of s?
True
Let v(w) = 3*w**2 + 2*w + 7. Let q(o) = o**2 + 14*o + 10. Let b be q(-13). Is 14 a factor of v(b)?
True
Suppose 0*b + 20 = 4*b. Let t(c) = -4*c**3 + b*c**2 + 3*c**3 - 4 - 4*c + 2*c**3. Is t(-3) a multiple of 13?
True
Let k(b) = b**3 - b**2 + 98. Let z(x) be the second derivative of -x**3/6 - 15*x**2/2 + 10*x. Let l be z(-15). Is k(l) a multiple of 11?
False
Suppose -7*d - 13433 = -33502. Does 28 divide d?
False
Is 5 a factor of (28 - 30)/(3/3462*-2)?
False
Suppose -6*h = 9*h - 5625. Does 25 divide h?
True
Let n(d) = 2*d + 19. Let x be n(-8). Suppose -z = -3, 0*j - 5*j + x*z = -21. Suppose 0*g - 5*g + 129 = -3*f, 2*f + j = 0. Is g a multiple of 8?
True
Suppose -56 = -2*q + 10*q. Is 33 a factor of (q/(-14))/((-1)/(-264))?
True
Suppose 5*t = t - 16. Let g(y) = -6*y - 7. Let h be g(t). Suppose r - 31 = h. Is 16 a factor of r?
True
Is 9 a factor of 161/(-2)*(-96)/168?
False
Suppose -2*g = 3*o - 5262 + 845, 0 = -o + 2*g + 1483. Is o a multiple of 20?
False
Suppose 2*i = -5*o + 1700, -o - 2567 = i - 4*i. Is 5 a factor of i?
True
Let v(u) = 13*u - 4. Let p be v(-6). Let a = -22 + p. Does 5 divide 4/(-10) + a/(-10)?
True
Let o be 2/3 + (-2566)/6. Let x = -187 - o. Suppose 6*h - x = h. Is h a multiple of 16?
True
Suppose -2*m = -3*p + 3*m + 25, 0 = -5*p - m - 5. Suppose p = -4*x + 247 + 165. Is x a multiple of 13?
False
Let b = 2 - -4. Let s(r) = 39*r - 16. Does 44 divide s(b)?
False
Is (-1)/(-6) + 3781381/1002 a multiple of 157?
False
Let d be 2422/(-8) - (-11)/(-44). Let i = -172 - d. Suppose -3*s + s + i = -3*y, -3*s = -y - 207. Is s a multiple of 15?
False
Suppose 13*h - 10449 = -946. Is 43 a factor of h?
True
Does 6 divide 4 + 42/9*330/77?
True
Let s be 5 - 1 - (4 - -6). Let d(q) = -q**2 - 4*q + 5. Let g be d(s). Does 9 divide ((-2 - 0) + g)*-1?
True
Let n(i) = 29*i**2 + 2*i - 151. Does 12 divide n(8)?
False
Let y(z) = 324*z**2 - 7*z + 7. Is 36 a factor of y(1)?
True
Suppose -3*i + 386 = 86. Is i a multiple of 52?
False
Let a(w) = -24*w + 6. Suppose 9*u - 6 = 10*u. Is a(u) a multiple of 25?
True
Suppose 0 = -4*r + 4*v + 7296, -4*v + 9150 = 5*r - 3*v. Is r a mu